 greatest common factor of 146590 and 548.
274
Calculate the highest common divisor of 91375 and 75.
25
Calculate the greatest common divisor of 4644 and 6912.
108
What is the greatest common divisor of 30 and 3030?
30
What is the highest common factor of 292 and 6278?
146
Calculate the greatest common divisor of 20 and 45350.
10
What is the highest common divisor of 2921 and 6731?
127
Calculate the greatest common factor of 275649 and 55.
11
What is the highest common factor of 237022 and 370?
74
What is the highest common divisor of 4256 and 77896?
56
What is the highest common divisor of 104 and 241852?
52
What is the highest common divisor of 5 and 286925?
5
What is the greatest common divisor of 7155243 and 387?
387
What is the highest common divisor of 669096 and 144?
72
What is the greatest common factor of 18738 and 378?
54
Calculate the greatest common divisor of 76895 and 1820.
455
Calculate the highest common factor of 3031 and 448.
7
What is the highest common divisor of 1160 and 214745?
145
Calculate the greatest common factor of 374366 and 555.
37
What is the highest common factor of 1541 and 39?
1
Calculate the greatest common factor of 2202 and 344246.
734
What is the greatest common divisor of 2100504 and 168?
168
Calculate the greatest common divisor of 345 and 52485.
15
What is the greatest common factor of 329 and 23359?
329
Calculate the greatest common divisor of 582 and 5698653.
291
What is the highest common factor of 12310 and 900?
10
Calculate the greatest common divisor of 510697 and 187.
187
What is the greatest common divisor of 19161 and 3609?
9
What is the highest common divisor of 8911 and 7182?
133
What is the highest common divisor of 25573 and 106833?
239
What is the greatest common divisor of 1465653 and 189?
21
Calculate the highest common factor of 4829525 and 50.
25
Calculate the highest common divisor of 286286 and 13.
13
What is the highest common factor of 2 and 1321738?
2
What is the highest common factor of 129495 and 4272?
267
Calculate the highest common divisor of 54478 and 34.
2
Calculate the highest common factor of 453 and 501.
3
Calculate the highest common factor of 31777 and 215.
43
Calculate the highest common divisor of 104814 and 8586.
162
Calculate the greatest common factor of 799 and 131459.
47
Calculate the greatest common factor of 187407 and 33.
33
Calculate the highest common factor of 279993 and 4776.
597
Calculate the highest common divisor of 28 and 8332.
4
What is the greatest common factor of 275645 and 1015?
145
What is the highest common divisor of 61621 and 917?
7
Calculate the highest common divisor of 4318159 and 74.
37
What is the greatest common divisor of 169 and 194519?
169
Calculate the highest common divisor of 36570 and 1334.
46
Calculate the highest common factor of 512052 and 852.
852
Calculate the highest common factor of 645688 and 215.
43
Calculate the greatest common factor of 111106 and 438.
146
Calculate the highest common divisor of 377 and 2236.
13
Calculate the highest common divisor of 8694 and 2373.
21
Calculate the highest common divisor of 140 and 1464610.
70
What is the greatest common divisor of 90 and 82920?
30
Calculate the greatest common divisor of 2047 and 851.
23
What is the highest common factor of 37 and 3113032?
37
Calculate the greatest common factor of 5056 and 80.
16
Calculate the greatest common divisor of 29 and 10203679.
29
Calculate the greatest common factor of 75062 and 117.
13
Calculate the greatest common factor of 201150 and 132300.
1350
Calculate the greatest common divisor of 7130 and 20.
10
What is the highest common divisor of 780 and 4485?
195
Calculate the highest common factor of 2562911 and 13.
13
What is the highest common factor of 280 and 714320?
40
Calculate the greatest common divisor of 174 and 2885007.
87
What is the greatest common factor of 529250 and 25?
25
Calculate the greatest common factor of 917334 and 1107.
369
What is the highest common factor of 517 and 203181?
517
Calculate the highest common factor of 1049482 and 21.
7
What is the highest common factor of 2027205 and 9?
9
What is the highest common divisor of 44603 and 1833?
611
Calculate the greatest common divisor of 170667 and 4851.
441
What is the greatest common factor of 1573 and 2483?
13
What is the highest common factor of 15835 and 185?
5
Calculate the highest common factor of 13583 and 3757.
289
Calculate the highest common factor of 30 and 958890.
30
Calculate the greatest common factor of 6 and 435807.
3
Calculate the greatest common divisor of 2934 and 48.
6
What is the greatest common factor of 25745 and 1653?
19
Calculate the greatest common divisor of 2166 and 48792.
114
Calculate the greatest common factor of 851 and 5888.
23
What is the greatest common factor of 405 and 16155?
45
What is the greatest common divisor of 899 and 527?
31
What is the highest common factor of 3146340 and 240?
60
Calculate the greatest common divisor of 3553 and 11913.
209
Calculate the greatest common divisor of 181975 and 435.
145
What is the highest common factor of 72 and 158076?
36
Calculate the greatest common divisor of 4633710 and 90.
30
Calculate the highest common factor of 2303 and 735.
49
What is the greatest common factor of 50500 and 202?
202
Calculate the highest common factor of 693 and 548100.
63
What is the highest common factor of 228 and 71212?
76
What is the greatest common factor of 45686 and 4310?
862
Calculate the highest common divisor of 4752 and 6237.
297
What is the greatest common factor of 1069655 and 155?
155
Calculate the greatest common divisor of 61639 and 424.
53
Calculate the highest common divisor of 316 and 335908.
316
Calculate the greatest common divisor of 56 and 3496.
8
What is the highest common divisor of 2597 and 48167?
49
Calculate the highest common factor of 854 and 22442.
14
Calculate the greatest common divisor of 2506 and 1736.
14
Calculate the highest common divisor of 418 and 5828592.
418
What is the greatest common factor of 200 and 78850?
50
What is the highest common factor of 3000 and 408?
24
What is the greatest common factor of 8 and 245472?
8
What is the greatest common factor of 126 and 2128?
14
What is the greatest common factor of 14080 and 824?
8
What is the highest common factor of 3787 and 43821?
541
What is the greatest common divisor of 67265 and 220?
55
Calculate the highest common factor of 795 and 53583.
159
Calculate the greatest common factor of 1074407 and 457.
457
Calculate the greatest common factor of 48 and 564.
12
What is the highest common factor of 7875 and 9875?
125
Calculate the highest common divisor of 117070 and 4140.
230
Calculate the greatest common factor of 108 and 81.
27
What is the greatest common factor of 169928 and 28?
4
What is the greatest common divisor of 25326 and 12?
6
What is the greatest common divisor of 1378 and 16250?
26
Calculate the highest common factor of 2662 and 326579.
121
Calculate the highest common divisor of 13355 and 40.
5
Calculate the greatest common factor of 609 and 52287.
87
Calculate the greatest common divisor of 174 and 78735.
87
Calculate the highest common divisor of 164 and 27634.
82
Calculate the greatest common divisor of 37395 and 540.
135
What is the greatest common factor of 2416 and 320?
16
What is the greatest common factor of 30512 and 224?
16
What is the highest common divisor of 48151 and 1883?
269
What is the greatest common factor of 1595 and 14?
1
What is the greatest common divisor of 48 and 1499856?
48
Calculate the greatest common factor of 16348 and 28.
4
Calculate the highest common divisor of 40782 and 216.
6
What is the highest common divisor of 26499 and 8979?
219
Calculate the highest common divisor of 1029477 and 57.
57
What is the highest common divisor of 151371 and 121?
121
Calculate the greatest common factor of 2604 and 1428.
84
What is the greatest common factor of 10504 and 1872?
104
Calculate the greatest common factor of 554277 and 759.
69
Calculate the highest common factor of 725 and 67715.
145
What is the highest common factor of 1617 and 860783?
539
Calculate the greatest common divisor of 18381 and 1264947.
1671
Calculate the greatest common factor of 11 and 465641.
11
What is the greates